{"id":2040,"date":"2019-07-03T07:37:49","date_gmt":"2019-07-03T07:37:49","guid":{"rendered":"http:\/\/proteo.yithemes.com\/classic-shop\/?post_type=product&#038;p=2040"},"modified":"2023-07-28T14:32:49","modified_gmt":"2023-07-28T14:32:49","slug":"light-blue-denim-shirt","status":"publish","type":"product","link":"https:\/\/forcell.rs\/?product=light-blue-denim-shirt","title":{"rendered":"Premium Sound Forcell C1 slu\u0161alice USB tip C Crna"},"content":{"rendered":"<p><strong>Multifunkcionalne slu\u0161alice u u\u0161ima<\/strong><br \/>\nForcell slu\u0161alice za u\u0161i su dizajnirane da najbolje odgovaraju anatomskom obliku uha. Zahvaljujuc\u0301i upotrebi visokokvalitetnih komponenti, glatke su, dobro prianjaju, a no\u0161enje je gotovo neprimetno. Ugra\u0111eni mikrofon i daljinski upravlja\u010d obezbe\u0111uju udobno odgovaranje na pozive i razgovore, a istovremeno vam omoguc\u0301avaju da pregledate dokumente na laptopu ili da ga koristite na druge na\u010dine.<\/p>\n<p><img loading=\"lazy\" decoding=\"async\" class=\"wp-image-7456 size-proteo-blog-loop-image aligncenter\" src=\"https:\/\/forcell.rs\/wp-content\/uploads\/2019\/07\/5903396176227-20230130-RS003-725x500.jpg\" alt=\"\" width=\"725\" height=\"500\" \/><\/p>\n<p><strong>Udobna upotreba<\/strong><br \/>\nUniverzalni USB konektor tipa C \u010dini slu\u0161alice kompatibilnim sa vec\u0301inom ure\u0111aja na tr\u017ei\u0161tu opremljenih ovim standardom. Zahvaljujuc\u0301i osetljivosti od 104 dB, \u010duc\u0301ete svaki zvuk koji dolazi iz njih. Kabl du\u017eine 1,2 m vam omoguc\u0301ava da udobno koristite slu\u0161alice povezane, na primer, sa pametnim telefonom ili drugim mobilnim ure\u0111ajem.<\/p>\n","protected":false},"excerpt":{"rendered":"<p><strong>C1 slu\u0161alice<\/strong><br \/>\nSlu\u0161alice za uho sa USB C konektorom sa ugra\u0111enim mikrofonom i daljinskim upravlja\u010dem. Slu\u0161ajte muziku i jednostavno odgovarajte na pozive sa mobilnih ure\u0111aja!<\/p>\n<p><strong>GARANCIJA NA PROIZVOD:<\/strong> 24 Meseca<\/p>\n","protected":false},"featured_media":7452,"template":"","meta":{"_editorskit_title_hidden":false,"_editorskit_reading_time":0,"_editorskit_is_block_options_detached":false,"_editorskit_block_options_position":"{}","inline_featured_image":false,"_monsterinsights_skip_tracking":false,"_monsterinsights_sitenote_active":false,"_monsterinsights_sitenote_note":"","_monsterinsights_sitenote_category":0},"product_cat":[82],"product_tag":[],"class_list":{"0":"post-2040","1":"product","2":"type-product","3":"status-publish","4":"has-post-thumbnail","6":"product_cat-slusalice","8":"first","9":"instock","10":"virtual","11":"product-type-simple"},"jetpack_sharing_enabled":true,"_links":{"self":[{"href":"https:\/\/forcell.rs\/index.php?rest_route=\/wp\/v2\/product\/2040","targetHints":{"allow":["GET"]}}],"collection":[{"href":"https:\/\/forcell.rs\/index.php?rest_route=\/wp\/v2\/product"}],"about":[{"href":"https:\/\/forcell.rs\/index.php?rest_route=\/wp\/v2\/types\/product"}],"wp:featuredmedia":[{"embeddable":true,"href":"https:\/\/forcell.rs\/index.php?rest_route=\/wp\/v2\/media\/7452"}],"wp:attachment":[{"href":"https:\/\/forcell.rs\/index.php?rest_route=%2Fwp%2Fv2%2Fmedia&parent=2040"}],"wp:term":[{"taxonomy":"product_cat","embeddable":true,"href":"https:\/\/forcell.rs\/index.php?rest_route=%2Fwp%2Fv2%2Fproduct_cat&post=2040"},{"taxonomy":"product_tag","embeddable":true,"href":"https:\/\/forcell.rs\/index.php?rest_route=%2Fwp%2Fv2%2Fproduct_tag&post=2040"}],"curies":[{"name":"wp","href":"https:\/\/api.w.org\/{rel}","templated":true}]}}