{"id":7501,"date":"2023-07-24T09:15:30","date_gmt":"2023-07-24T09:15:30","guid":{"rendered":"https:\/\/forcell.rs\/?post_type=product&#038;p=7501"},"modified":"2023-08-11T14:31:09","modified_gmt":"2023-08-11T14:31:09","slug":"forcell-gan-65w-zidni-punjac-sa-2x-usb-tip-c-i-1x-usb-a-konektorima-3a-sa-pd-i-qc-4-0-funkcijom-punjenja","status":"publish","type":"product","link":"https:\/\/forcell.rs\/?product=forcell-gan-65w-zidni-punjac-sa-2x-usb-tip-c-i-1x-usb-a-konektorima-3a-sa-pd-i-qc-4-0-funkcijom-punjenja","title":{"rendered":"Forcell GaN 65W zidni punja\u010d sa 2x USB tip C i 1x USB A konektorima &#8211; 3A sa PD i QC 4.0 funkcijom punjenja"},"content":{"rendered":"<p style=\"text-align: center;\"><strong>Multiport zidni punja\u010d<\/strong><\/p>\n<p style=\"text-align: left;\">Punja\u010d za posebne zadatke je multifunkcionalni dodatak koji c\u0301e vam omoguc\u0301iti da punite tri ure\u0111aja istovremeno. Na raspolaganju su vam dva USB C porta i jedan USB A port. Za punjenje mo\u017eete istovremeno da pove\u017eete npr. laptop, tablet i telefon. Zahvaljujuc\u0301i modernoj tehnologiji Quick Charge 4.0 i Power Deliveri, mo\u017eete biti sigurni da c\u0301e punja\u010d poslati struju brzo i bezbedno, \u0161titec\u0301i baterije u ure\u0111ajima koji se pune. Punja\u010d je pro\u0161ao niz testova u akreditovanim laboratorijama i dobio je CE sertifikat koji garantuje bezbednu upotrebu ure\u0111aja.<\/p>\n<p><img loading=\"lazy\" decoding=\"async\" class=\"aligncenter wp-image-7506 size-proteo-blog-loop-image\" src=\"https:\/\/forcell.rs\/wp-content\/uploads\/2023\/07\/5903396116186-20230711-RS358-725x500.jpg\" alt=\"\" width=\"725\" height=\"500\" \/><\/p>\n","protected":false},"excerpt":{"rendered":"<p>Super brz punja\u010d koji mo\u017ee da podnese tri ure\u0111aja istovremeno za kratko vreme. Ovako funkcioni\u0161e USB C 65W Forcell punja\u010d!<\/p>\n<p><strong>GARANCIJA NA PROIZVOD:<\/strong> 24 Meseca<\/p>\n","protected":false},"featured_media":7513,"template":"","meta":{"_editorskit_title_hidden":false,"_editorskit_reading_time":0,"_editorskit_is_block_options_detached":false,"_editorskit_block_options_position":"{}","inline_featured_image":false,"_monsterinsights_skip_tracking":false,"_monsterinsights_sitenote_active":false,"_monsterinsights_sitenote_note":"","_monsterinsights_sitenote_category":0},"product_cat":[65],"product_tag":[],"class_list":{"0":"post-7501","1":"product","2":"type-product","3":"status-publish","4":"has-post-thumbnail","6":"product_cat-kucni-punjac","8":"first","9":"instock","10":"virtual","11":"product-type-simple"},"jetpack_sharing_enabled":true,"_links":{"self":[{"href":"https:\/\/forcell.rs\/index.php?rest_route=\/wp\/v2\/product\/7501","targetHints":{"allow":["GET"]}}],"collection":[{"href":"https:\/\/forcell.rs\/index.php?rest_route=\/wp\/v2\/product"}],"about":[{"href":"https:\/\/forcell.rs\/index.php?rest_route=\/wp\/v2\/types\/product"}],"wp:featuredmedia":[{"embeddable":true,"href":"https:\/\/forcell.rs\/index.php?rest_route=\/wp\/v2\/media\/7513"}],"wp:attachment":[{"href":"https:\/\/forcell.rs\/index.php?rest_route=%2Fwp%2Fv2%2Fmedia&parent=7501"}],"wp:term":[{"taxonomy":"product_cat","embeddable":true,"href":"https:\/\/forcell.rs\/index.php?rest_route=%2Fwp%2Fv2%2Fproduct_cat&post=7501"},{"taxonomy":"product_tag","embeddable":true,"href":"https:\/\/forcell.rs\/index.php?rest_route=%2Fwp%2Fv2%2Fproduct_tag&post=7501"}],"curies":[{"name":"wp","href":"https:\/\/api.w.org\/{rel}","templated":true}]}}