{"id":7815,"date":"2023-08-04T06:27:09","date_gmt":"2023-08-04T06:27:09","guid":{"rendered":"https:\/\/forcell.rs\/?post_type=product&#038;p=7815"},"modified":"2023-08-04T06:27:26","modified_gmt":"2023-08-04T06:27:26","slug":"slusalice-forcell-u3-3-5mm-musiccalls","status":"publish","type":"product","link":"https:\/\/forcell.rs\/?product=slusalice-forcell-u3-3-5mm-musiccalls","title":{"rendered":"Slusalice FORCELL U3 3.5MM (music&#038;calls)"},"content":{"rendered":"<p><strong>Slu\u0161alice u uhu sa mnogo funkcija<\/strong><br \/>\nUdobne Forcell slu\u0161alice u uhu su dizajnirane da udobno, lagano i gotovo neprimetno le\u017eu u uhu. Imaju ugra\u0111en mikrofon i daljinski upravlja\u010d, \u0161to zna\u010di da ih mo\u017eete koristiti i za posao i za slu\u0161anje muzike. Ako \u010desto telefonirate na poslu, sigurno c\u0301ete ceniti udobnost slobodnih ruku, \u0161to c\u0301e vam omoguc\u0301iti da istovremeno koristite laptop ili pregledate dokumente neophodne za razgovor.<\/p>\n<p><img loading=\"lazy\" decoding=\"async\" class=\"aligncenter wp-image-7820 size-proteo-blog-loop-image\" src=\"https:\/\/forcell.rs\/wp-content\/uploads\/2023\/08\/5903396176234-20230130-RS007-725x500.jpg\" alt=\"\" width=\"725\" height=\"500\" \/><\/p>\n","protected":false},"excerpt":{"rendered":"<p>Udobne slu\u0161alice u uhu sa 3,5 mm mini uti\u010dnicom za slu\u0161anje muzike i zgodno odgovaranje na pozive!<\/p>\n<div class=\"woocommerce-product-details__short-description\">\n<p><strong>GARANCIJA NA PROIZVOD:<\/strong> 24 Meseca<\/p>\n<\/div>\n","protected":false},"featured_media":7821,"template":"","meta":{"_editorskit_title_hidden":false,"_editorskit_reading_time":0,"_editorskit_is_block_options_detached":false,"_editorskit_block_options_position":"{}","inline_featured_image":false,"_monsterinsights_skip_tracking":false,"_monsterinsights_sitenote_active":false,"_monsterinsights_sitenote_note":"","_monsterinsights_sitenote_category":0},"product_cat":[82],"product_tag":[],"class_list":{"0":"post-7815","1":"product","2":"type-product","3":"status-publish","4":"has-post-thumbnail","6":"product_cat-slusalice","8":"first","9":"instock","10":"featured","11":"shipping-taxable","12":"product-type-simple"},"jetpack_sharing_enabled":true,"_links":{"self":[{"href":"https:\/\/forcell.rs\/index.php?rest_route=\/wp\/v2\/product\/7815","targetHints":{"allow":["GET"]}}],"collection":[{"href":"https:\/\/forcell.rs\/index.php?rest_route=\/wp\/v2\/product"}],"about":[{"href":"https:\/\/forcell.rs\/index.php?rest_route=\/wp\/v2\/types\/product"}],"wp:featuredmedia":[{"embeddable":true,"href":"https:\/\/forcell.rs\/index.php?rest_route=\/wp\/v2\/media\/7821"}],"wp:attachment":[{"href":"https:\/\/forcell.rs\/index.php?rest_route=%2Fwp%2Fv2%2Fmedia&parent=7815"}],"wp:term":[{"taxonomy":"product_cat","embeddable":true,"href":"https:\/\/forcell.rs\/index.php?rest_route=%2Fwp%2Fv2%2Fproduct_cat&post=7815"},{"taxonomy":"product_tag","embeddable":true,"href":"https:\/\/forcell.rs\/index.php?rest_route=%2Fwp%2Fv2%2Fproduct_tag&post=7815"}],"curies":[{"name":"wp","href":"https:\/\/api.w.org\/{rel}","templated":true}]}}