{"id":7850,"date":"2023-08-07T09:31:22","date_gmt":"2023-08-07T09:31:22","guid":{"rendered":"https:\/\/forcell.rs\/?post_type=product&#038;p=7850"},"modified":"2023-08-07T09:31:23","modified_gmt":"2023-08-07T09:31:23","slug":"usb-kabal-forcell-c901-type-c-na-lightning-30w-1m-beli","status":"publish","type":"product","link":"https:\/\/forcell.rs\/?product=usb-kabal-forcell-c901-type-c-na-lightning-30w-1m-beli","title":{"rendered":"USB kabal FORCELL C901 Type c na lightning 30w 1m beli"},"content":{"rendered":"","protected":false},"excerpt":{"rendered":"<p>Brz USB-C na Lightning kabl sa Apple sertifikatom. Dizajniran za povezivanje na iPad i iPhone. Ima oznaku \u201eNapravljeno za iPhone, iPad\u201c, \u0161to zna\u010di da ispunjava Apple-ove standarde performansi. Maksimalna snaga je 30 W. Podr\u017eava tehnologiju brzog punjenja<\/p>\n<div class=\"woocommerce-product-details__short-description\">\n<p><strong>GARANCIJA NA PROIZVOD:<\/strong> 24 Meseca<\/p>\n<\/div>\n","protected":false},"featured_media":7856,"template":"","meta":{"_editorskit_title_hidden":false,"_editorskit_reading_time":0,"_editorskit_is_block_options_detached":false,"_editorskit_block_options_position":"{}","inline_featured_image":false,"_monsterinsights_skip_tracking":false,"_monsterinsights_sitenote_active":false,"_monsterinsights_sitenote_note":"","_monsterinsights_sitenote_category":0},"product_cat":[81],"product_tag":[],"class_list":{"0":"post-7850","1":"product","2":"type-product","3":"status-publish","4":"has-post-thumbnail","6":"product_cat-kablovi","8":"first","9":"instock","10":"shipping-taxable","11":"product-type-simple"},"jetpack_sharing_enabled":true,"_links":{"self":[{"href":"https:\/\/forcell.rs\/index.php?rest_route=\/wp\/v2\/product\/7850","targetHints":{"allow":["GET"]}}],"collection":[{"href":"https:\/\/forcell.rs\/index.php?rest_route=\/wp\/v2\/product"}],"about":[{"href":"https:\/\/forcell.rs\/index.php?rest_route=\/wp\/v2\/types\/product"}],"wp:featuredmedia":[{"embeddable":true,"href":"https:\/\/forcell.rs\/index.php?rest_route=\/wp\/v2\/media\/7856"}],"wp:attachment":[{"href":"https:\/\/forcell.rs\/index.php?rest_route=%2Fwp%2Fv2%2Fmedia&parent=7850"}],"wp:term":[{"taxonomy":"product_cat","embeddable":true,"href":"https:\/\/forcell.rs\/index.php?rest_route=%2Fwp%2Fv2%2Fproduct_cat&post=7850"},{"taxonomy":"product_tag","embeddable":true,"href":"https:\/\/forcell.rs\/index.php?rest_route=%2Fwp%2Fv2%2Fproduct_tag&post=7850"}],"curies":[{"name":"wp","href":"https:\/\/api.w.org\/{rel}","templated":true}]}}