{"id":8026,"date":"2023-08-09T12:36:30","date_gmt":"2023-08-09T12:36:30","guid":{"rendered":"https:\/\/forcell.rs\/?post_type=product&#038;p=8026"},"modified":"2023-10-24T12:55:37","modified_gmt":"2023-10-24T12:55:37","slug":"zastitno-staklo-forcell-nano","status":"publish","type":"product","link":"https:\/\/forcell.rs\/?product=zastitno-staklo-forcell-nano","title":{"rendered":"Zastitno staklo FORCELL NANO"},"content":{"rendered":"<p><strong>Jo\u0161 vec\u0301a izdr\u017eljivost<\/strong><br \/>\nSigurno \u017eelite da vam novi telefon dobro slu\u017ei i da ostane u odli\u010dnom stanju dugo vremena. Nezamenljivi saveznik u za\u0161titi ekrana ispostavlja se izdr\u017eljivo i sna\u017eno hibridno staklo. Napravljen je od kombinacije tvrdog kaljenog stakla i izdr\u017eljivog i fleksibilnog PET filma. Ovaj sloj deluje kao \u0161tit i zaustavlja udar, \u0161titec\u0301i ekran od ogrebotina ili loma.<\/p>\n<p><img loading=\"lazy\" decoding=\"async\" class=\"aligncenter wp-image-8031 size-proteo-blog-loop-image\" src=\"https:\/\/forcell.rs\/wp-content\/uploads\/2023\/08\/Szklo-hybrydowe-Forcell-Flexible-Nano-Glass-2-725x500.jpg\" alt=\"\" width=\"725\" height=\"500\" \/><\/p>\n<p><strong>Biomaster antimikrobni premaz<\/strong><br \/>\nZahvaljujuc\u0301i upotrebi savremene tehnologije, hibridno staklo sa sertifikovanim Biomaster premazom zaustavlja rast bakterija i mikroorganizama. Dakle, mo\u017eete biti sigurni da je kontakt sa mikrobima sveden na minimum. Staklo je pro\u0161lo niz testova, zahvaljujuc\u0301i kojima je dobilo i sertifikat Nacionalnog instituta za higijenu (NIH). Svi premazi imaju visoku transparentnost, tako da ni na koji na\u010din ne zaklanjaju vidljivost.<\/p>\n<p><img loading=\"lazy\" decoding=\"async\" class=\"aligncenter wp-image-8034 size-proteo-blog-loop-image\" src=\"https:\/\/forcell.rs\/wp-content\/uploads\/2023\/08\/Szklo-hybrydowe-Forcell-Flexible-Nano-Glass-5-725x500.jpg\" alt=\"\" width=\"725\" height=\"500\" \/><\/p>\n","protected":false},"excerpt":{"rendered":"<p>Da li tra\u017eite sna\u017enu i izdr\u017eljivu za\u0161titu za ekran va\u0161eg novog telefona? Isprobajte moderno, izdr\u017eljivo hibridno staklo sa antibakterijskim, sertifikovanim Biomaster premazom!<\/p>\n","protected":false},"featured_media":8029,"template":"","meta":{"_editorskit_title_hidden":false,"_editorskit_reading_time":0,"_editorskit_is_block_options_detached":false,"_editorskit_block_options_position":"{}","inline_featured_image":false,"_monsterinsights_skip_tracking":false,"_monsterinsights_sitenote_active":false,"_monsterinsights_sitenote_note":"","_monsterinsights_sitenote_category":0},"product_cat":[79],"product_tag":[],"class_list":{"0":"post-8026","1":"product","2":"type-product","3":"status-publish","4":"has-post-thumbnail","6":"product_cat-zastitno-staklo","8":"first","9":"instock","10":"featured","11":"shipping-taxable","12":"product-type-simple"},"jetpack_sharing_enabled":true,"_links":{"self":[{"href":"https:\/\/forcell.rs\/index.php?rest_route=\/wp\/v2\/product\/8026","targetHints":{"allow":["GET"]}}],"collection":[{"href":"https:\/\/forcell.rs\/index.php?rest_route=\/wp\/v2\/product"}],"about":[{"href":"https:\/\/forcell.rs\/index.php?rest_route=\/wp\/v2\/types\/product"}],"wp:featuredmedia":[{"embeddable":true,"href":"https:\/\/forcell.rs\/index.php?rest_route=\/wp\/v2\/media\/8029"}],"wp:attachment":[{"href":"https:\/\/forcell.rs\/index.php?rest_route=%2Fwp%2Fv2%2Fmedia&parent=8026"}],"wp:term":[{"taxonomy":"product_cat","embeddable":true,"href":"https:\/\/forcell.rs\/index.php?rest_route=%2Fwp%2Fv2%2Fproduct_cat&post=8026"},{"taxonomy":"product_tag","embeddable":true,"href":"https:\/\/forcell.rs\/index.php?rest_route=%2Fwp%2Fv2%2Fproduct_tag&post=8026"}],"curies":[{"name":"wp","href":"https:\/\/api.w.org\/{rel}","templated":true}]}}